nder when 589 is divided by 534.
55
Calculate the remainder when 1662 is divided by 191.
134
Calculate the remainder when 134 is divided by 29.
18
Calculate the remainder when 410 is divided by 60.
50
Calculate the remainder when 1312 is divided by 47.
43
What is the remainder when 338 is divided by 169?
0
Calculate the remainder when 384 is divided by 15.
9
What is the remainder when 1127 is divided by 541?
45
What is the remainder when 558 is divided by 138?
6
What is the remainder when 4801 is divided by 343?
342
Calculate the remainder when 376 is divided by 14.
12
Calculate the remainder when 3424 is divided by 93.
76
Calculate the remainder when 2091 is divided by 1037.
17
What is the remainder when 142 is divided by 29?
26
What is the remainder when 19715 is divided by 318?
317
What is the remainder when 10961 is divided by 215?
211
What is the remainder when 227 is divided by 24?
11
Calculate the remainder when 7215 is divided by 16.
15
What is the remainder when 111 is divided by 56?
55
Calculate the remainder when 488 is divided by 118.
16
What is the remainder when 1763 is divided by 577?
32
What is the remainder when 20 is divided by 12?
8
Calculate the remainder when 4815 is divided by 28.
27
Calculate the remainder when 884 is divided by 12.
8
What is the remainder when 107 is divided by 12?
11
Calculate the remainder when 196 is divided by 98.
0
Calculate the remainder when 2032 is divided by 253.
8
What is the remainder when 40 is divided by 37?
3
What is the remainder when 2704 is divided by 54?
4
What is the remainder when 35 is divided by 12?
11
Calculate the remainder when 343 is divided by 69.
67
Calculate the remainder when 612 is divided by 30.
12
Calculate the remainder when 990 is divided by 28.
10
Calculate the remainder when 937 is divided by 309.
10
Calculate the remainder when 485 is divided by 53.
8
What is the remainder when 41549 is divided by 30?
29
Calculate the remainder when 406 is divided by 383.
23
What is the remainder when 138 is divided by 23?
0
What is the remainder when 34 is divided by 2?
0
Calculate the remainder when 1098 is divided by 155.
13
Calculate the remainder when 1377 is divided by 26.
25
What is the remainder when 920 is divided by 330?
260
What is the remainder when 97 is divided by 14?
13
Calculate the remainder when 135 is divided by 27.
0
What is the remainder when 4648 is divided by 2320?
8
Calculate the remainder when 158 is divided by 150.
8
Calculate the remainder when 2934 is divided by 730.
14
Calculate the remainder when 337 is divided by 88.
73
What is the remainder when 678 is divided by 44?
18
What is the remainder when 3803 is divided by 12?
11
Calculate the remainder when 508 is divided by 82.
16
What is the remainder when 2720 is divided by 456?
440
Calculate the remainder when 602 is divided by 50.
2
Calculate the remainder when 568 is divided by 151.
115
Calculate the remainder when 114 is divided by 81.
33
Calculate the remainder when 448 is divided by 371.
77
What is the remainder when 18 is divided by 6?
0
What is the remainder when 27 is divided by 10?
7
What is the remainder when 1100 is divided by 24?
20
Calculate the remainder when 237 is divided by 48.
45
What is the remainder when 11507 is divided by 84?
83
Calculate the remainder when 155 is divided by 34.
19
What is the remainder when 136 is divided by 46?
44
What is the remainder when 211 is divided by 31?
25
What is the remainder when 1236 is divided by 177?
174
What is the remainder when 110 is divided by 11?
0
Calculate the remainder when 233 is divided by 39.
38
Calculate the remainder when 1711 is divided by 284.
7
What is the remainder when 975 is divided by 20?
15
Calculate the remainder when 14819 is divided by 6.
5
Calculate the remainder when 442 is divided by 61.
15
Calculate the remainder when 5974 is divided by 1193.
9
What is the remainder when 109 is divided by 42?
25
Calculate the remainder when 20033 is divided by 106.
105
What is the remainder when 551 is divided by 157?
80
What is the remainder when 381 is divided by 52?
17
What is the remainder when 27 is divided by 15?
12
What is the remainder when 5037 is divided by 28?
25
What is the remainder when 77 is divided by 9?
5
What is the remainder when 797 is divided by 38?
37
What is the remainder when 46 is divided by 27?
19
What is the remainder when 135 is divided by 41?
12
What is the remainder when 58 is divided by 48?
10
Calculate the remainder when 127 is divided by 2.
1
Calculate the remainder when 8491 is divided by 31.
28
What is the remainder when 337 is divided by 111?
4
Calculate the remainder when 2187 is divided by 1091.
5
What is the remainder when 204 is divided by 164?
40
What is the remainder when 148 is divided by 19?
15
Calculate the remainder when 713 is divided by 14.
13
Calculate the remainder when 1360 is divided by 27.
10
What is the remainder when 1303 is divided by 16?
7
What is the remainder when 74 is divided by 47?
27
What is the remainder when 25 is divided by 11?
3
What is the remainder when 242 is divided by 65?
47
Calculate the remainder when 9574 is divided by 9.
7
What is the remainder when 341 is divided by 84?
5
What is the remainder when 15751 is divided by 23?
19
What is the remainder when 338 is divided by 25?
13
Calculate the remainder when 1127 is divided by 44.
27
What is the remainder when 376 is divided by 100?
76
What is the remainder when 358 is divided by 19?
16
Calculate the remainder when 47 is divided by 25.
22
Calculate the remainder when 1399 is divided by 195.
34
Calculate the remainder when 236 is divided by 30.
26
Calculate the remainder when 1141 is divided by 48.
37
What is the remainder when 558 is divided by 35?
33
What is the remainder when 23 is divided by 2?
1
Calculate the remainder when 126 is divided by 3.
0
Calculate the remainder when 3054 is divided by 133.
128
What is the remainder when 305 is divided by 11?
8
What is the remainder when 235 is divided by 80?
75
What is the remainder when 120 is divided by 21?
15
Calculate the remainder when 237 is divided by 144.
93
What is the remainder when 339 is divided by 57?
54
What is the remainder when 1759 is divided by 161?
149
What is the remainder when 37 is divided by 6?
1
What is the remainder when 20407 is divided by 63?
58
Calculate the remainder when 236 is divided by 138.
98
What is the remainder when 206 is divided by 52?
50
What is the remainder when 635 is divided by 9?
5
What is the remainder when 11615 is divided by 16?
15
What is the remainder when 837 is divided by 40?
37
Calculate the remainder when 2938 is divided by 20.
18
What is the remainder when 85 is divided by 26?
7
What is the remainder when 417 is divided by 192?
33
Calculate the remainder when 128 is divided by 14.
2
Calculate the remainder when 154 is divided by 4.
2
What is the remainder when 2960 is divided by 52?
48
Calculate the remainder when 642 is divided by 124.
22
What is the remainder when 348 is divided by 52?
36
What is the remainder when 40 is divided by 3?
1
Calculate the remainder when 265 is divided by 131.
3
What is the remainder when 100 is divided by 25?
0
What is the remainder when 2484 is divided by 33?
9
What is the remainder when 489 is divided by 165?
159
Calculate the remainder when 163 is divided by 32.
3
Calculate the remainder when 487 is divided by 170.
147
Calculate the remainder when 2939 is divided by 28.
27
Calculate the remainder when 251 is divided by 17.
13
What is the remainder when 28 is divided by 6?
4
Calculate the remainder when 896 is divided by 246.
158
Calculate the remainder when 699 is divided by 86.
11
What is the remainder when 28 is divided by 20?
8
What is the remainder when 1128 is divided by 59?
7
Calculate the remainder when 38482 is divided by 4.
2
What is the remainder when 224 is divided by 63?
35
Calculate the remainder when 91 is divided by 33.
25
What is the remainder when 149 is divided by 4?
1
Calculate the remainder when 4506 is divided by 377.
359
What is the remainder when 312 is divided by 68?
40
What is the remainder when 1822 is divided by 604?
10
What is the remainder when 5211 is divided by 50?
11
Calculate the remainder when 558 is divided by 106.
28
What is the remainder whe